)/(-4) - d/8?
37
Let o(d) = d**2 + 9*d + 5. Let m be o(-8). Suppose -2*z = -z - 68. What are the prime factors of m/(24/z)*-2?
17
Let c(m) = m**3 - 5*m**2 + 3*m - 2. Let t be c(4). List the prime factors of (((-675)/t)/3)/((-11)/(-22)).
3, 5
Suppose 0 = 13*b - 9*b - 4912. List the prime factors of b.
2, 307
Let z(h) = h + 17. Let y be z(0). Suppose 11 = c - y. Let s = c + 4. What are the prime factors of s?
2
Let i(d) = 489*d**2 - 30*d - 32. What are the prime factors of i(-1)?
487
Let z be 4 - 3 - (-12 - -1). Suppose -5*i = i - z. List the prime factors of i/(-12) - 316/(-24).
13
Let t be 1/(2/(-19)*2/(-4)). Suppose 3*n + t = 70. What are the prime factors of n?
17
Let m = -23 - -33. Suppose 0 - m = n. Let h = 40 + n. What are the prime factors of h?
2, 3, 5
Suppose -3*x + 2 = -10. Suppose 0 = x*c - 2*c + 12. What are the prime factors of (c/2)/(-3)*43?
43
Suppose -3*z = -21 - 87. Suppose -43*b + 154 = -z*b. What are the prime factors of b?
2, 11
Suppose -249 = -2*h - 51. List the prime factors of h.
3, 11
Let n(s) = -s**3 + 5*s**2 + 4. Let q(p) = -3*p**3 + 10*p**2 - p + 7. Let l(d) = 5*n(d) - 2*q(d). Let k be l(-4). Let m = k - 5. What are the prime factors of m?
3
Let p be 8428/63 + 4/18. Suppose -2*x = -0*x - p. List the prime factors of x.
67
Let s = -415 - -1733. List the prime factors of s.
2, 659
Suppose 2*y - 4*a = 6*y - 708, -3*a = 12. List the prime factors of y.
181
Suppose 3*s = s - i + 15, 0 = 5*s + i - 30. Suppose 2*a = s + 5. Let q = 23 - a. List the prime factors of q.
2, 3
Let b = 1204 - 799. What are the prime factors of b?
3, 5
Let n be (6/(-8))/((-4)/16). Suppose -2*l + 3*a = -6*l + 32, -n*l = -a - 11. Suppose 6*m = l*m + 29. List the prime factors of m.
29
Suppose -3*k + 4*d - 11 = -126, -k + 4*d + 49 = 0. Suppose -k = 3*b + 3*y, -3*y - 63 = 5*b - 6*y. Let f = 18 - b. List the prime factors of f.
2, 3, 5
Let j(c) be the second derivative of c**4/12 + 2*c**3/3 + 2*c**2 + 31*c. Let l(u) = 8*u + 1. Let r be l(-1). List the prime factors of j(r).
5
Let k = -49 - -45. What are the prime factors of (131/k*-2)/(1/2)?
131
Suppose 5*y - 4453 = r, -5*r + 16 = 6. List the prime factors of y.
3, 11
Let w(q) = -q**3 + 11*q**2 + 3*q. Suppose 11*k - 4*k - 77 = 0. Let z be w(k). List the prime factors of (22/z)/(4/258).
43
Suppose 16 = -s + 2*s. Suppose 7*m - 2*m = -3*j + 78, 2*m + 5*j = s. Suppose 4*o - m = 206. What are the prime factors of o?
2, 7
Suppose 22*d - 8423 = 4645. List the prime factors of d.
2, 3, 11
Let p = -1057 + 1568. List the prime factors of p.
7, 73
Suppose -24 = -2*p + 6. Suppose 129 + 2481 = p*i. What are the prime factors of i?
2, 3, 29
Let d(q) = -q**2 - 4*q - 4. Let v be d(-5). Let w = 8 + v. What are the prime factors of (w/3)/((-2)/114)?
19
Let h be -6*(-1)/3 - -4. Suppose 0 = -m + h - 2. What are the prime factors of m?
2
Suppose 395 = n - 4*k + 29, -5*k = -4*n + 1475. Suppose -218 = -4*w + n. List the prime factors of w.
3, 7
Let n(q) = 37*q**2 + 2*q - 2. Let z be n(-2). Suppose 0 = 3*v - 6, 0 = -4*y + 4*v - v + z. List the prime factors of y.
37
Let c = -10 + 14. Let q be 14/c - (-3)/2. Let h(v) = -v**3 + 7*v**2 - 6*v. List the prime factors of h(q).
2, 5
Let f(r) = -7*r**3 + 38*r**2 - 7*r + 23. List the prime factors of f(-7).
3, 5, 17
Suppose 8*o - 138 = 54. Let b = 0 + o. List the prime factors of b.
2, 3
Suppose 0 = -6*t + 4*t - 70. Let p be (-6)/(-8) - t/(-20). Let n(u) = -20*u + 1. What are the prime factors of n(p)?
3, 7
Suppose 5*b + 124 + 191 = 0. Let m = -2 - 1. Let q = m - b. List the prime factors of q.
2, 3, 5
Let y = 194 - 530. Let o = -190 - y. What are the prime factors of o?
2, 73
List the prime factors of (0 + -4)*(-13)/((-26)/(-216)).
2, 3
Let x(b) = -b + 10. Let c(t) = 1. Let q(o) = 5*c(o) - x(o). Let p be q(7). Suppose 0 = -4*f - 5*k + 15, -3*f - 3*k - p*k + 5 = 0. List the prime factors of f.
2, 5
What are the prime factors of (-1452)/(-8) - (2 - (-5)/(-2))?
2, 7, 13
Let k(s) = 20*s**2 + 7*s + 14. Suppose -4*g = -4*f + 20, 3*g - 1 = f - 12. List the prime factors of k(g).
173
What are the prime factors of 1119/2*(-8)/(-12)?
373
Suppose -4*l - 2047 = -2*j - 341, -4*j - 2*l + 3412 = 0. What are the prime factors of j?
853
Suppose 0 = -t + 5*k + 924, -4*k + 5167 = 5*t + 431. List the prime factors of t.
2, 59
Suppose -88559 = -32*l - 15663. What are the prime factors of l?
2, 17, 67
Let v be (-2)/4 - 54/(-12). Suppose 7*l - v*l = -27. Let o = 3 - l. List the prime factors of o.
2, 3
Let b be 0 + (-2 - (4 - 32)). Let x be 4 - 0/(2 - 0). Suppose 6*t - 4*t + x*r - b = 0, 5*r - 24 = -2*t. What are the prime factors of t?
17
Let h be 10*(39/6 - 2). Suppose d - 13 = z, 0 = 3*d - 4*z + 2 - h. What are the prime factors of (25 - 4)/(3/d)?
3, 7
Suppose 0 = -4*i - 11*s + 6*s - 257, 2*i + s + 133 = 0. Let w = 27 - i. What are the prime factors of w?
5, 19
Suppose 2*s - 4*h - 496 = 0, -5*s + 1258 = -0*s - 4*h. List the prime factors of s/2 + -1*(1 + -4).
2, 5, 13
Let v = 1225 - 1024. What are the prime factors of v?
3, 67
Let q(m) = -7*m**3 - m**2 - 3*m - 2. Let r be q(-3). Suppose 3*a = r + 26. What are the prime factors of a?
71
Let t = 33 - 18. Suppose t = -3*i + 6*i. List the prime factors of ((-12)/10)/((-1)/i).
2, 3
Suppose -25 = -l - 4*f, 0*l = l + f - 25. Let r be (2 + -3)*l/(-5). Suppose -r = z - 43. What are the prime factors of z?
2, 19
Suppose 4*b = 12724 + 9868. List the prime factors of b.
2, 353
Let h(u) = -490*u - 53. List the prime factors of h(-5).
3, 17, 47
Suppose -3*c - 9*c = -15144. List the prime factors of c.
2, 631
Let n(x) = -2*x + 7. Let b be n(8). Let c = b - -9. Suppose 3*v - 75 = -c*v. What are the prime factors of v?
5
Suppose 0 = 3*o - 5*n - 102, -4*o - n - 21 + 157 = 0. Let h = o - 29. List the prime factors of h.
5
Let c(t) be the first derivative of -21*t + 1 + 8*t**2 - 1/3*t**3. List the prime factors of c(9).
2, 3, 7
Suppose 5*u = 2*u + 39. Let h(t) = -t**3 + 14*t**2 - 6*t + 1. Let o be h(u). Suppose 0 = -6*a + 2*a + o. What are the prime factors of a?
23
Let w(s) = 265*s**3 + 5*s**2 + 3*s - 5. List the prime factors of w(1).
2, 67
Suppose 2472 = -18*c + 24*c. List the prime factors of c.
2, 103
Let j(x) = x**3 + 18*x**2 - 21*x - 20. What are the prime factors of j(-18)?
2, 179
Suppose -146 = 3*g - 128. List the prime factors of (-2)/(-12) + (-401)/g.
67
List the prime factors of 4 + (-5 - 1) - -267.
5, 53
Let i = 22 + -14. Suppose 2*m + 4*q = -2, -4*m + 5*q + 14 = -i. List the prime factors of (m + -32)/((-3)/6).
2, 29
Suppose 2*y + 5*a - 3*a = 14, 0 = -4*y + a + 3. Suppose 2*d - 152 = -y*d - 4*n, -d = 2*n - 39. What are the prime factors of d?
37
Let q(h) = -3*h + 609. Let r be q(0). Let d = -333 + r. List the prime factors of d.
2, 3, 23
Let h(f) = 11*f**2 + 3*f - 6. Let l(g) = -17*g**2 - 5*g + 9. Let q(y) = -7*h(y) - 5*l(y). List the prime factors of q(2).
37
Let c(n) = 4*n - 1. Let i(g) = 9*g - 2. Suppose -9*z + 9 = -6*z. Let b(q) = z*i(q) - 7*c(q). List the prime factors of b(-10).
11
Let o = -542 + 959. List the prime factors of o.
3, 139
Let g(a) be the second derivative of 77*a**3/6 + a. List the prime factors of g(1).
7, 11
Let w = 634 - 573. List the prime factors of w.
61
Let b = -61 + 56. Let s(y) = y**2 - 4*y + 9. List the prime factors of s(b).
2, 3
Suppose 2*y - 4*z = 5*y + 45, 0 = -3*z + 9. Let r = y + 23. Suppose 7*j - 124 = 3*j + r*u, -3*j + 4*u + 95 = 0. List the prime factors of j.
29
Suppose -3*s - s = 4. Let z be ((-5 - -6) + 23)/(-1). What are the prime factors of (z + -3)*s/3?
3
Let q be (2/(-4))/(2/32). Let w(p) = -3*p - 8 + 0 + 6*p - 5*p. List the prime factors of w(q).
2
Suppose 0 = 2*c + f - 3061 + 940, -4*c - 3*f + 4239 = 0. What are the prime factors of c?
2, 3, 59
Let a(h) = -612*h**3 - h**2 - 8*h - 8. What are the prime factors of a(-1)?
13, 47
Let n be ((-14)/(-10) + -5)/((-2)/5). What are the prime factors of (2 - 5)*(-15)/n?
5
Let p = 1138 - 630. What are the prime factors of p?
2, 127
Let q = 3331 + -2116. List the prime factors of (-1)/(-4) - q/(-20).
61
Let z(v) = -v**2 + 2*v - 5. Let s be z(-8). Let c = -20 - s. List the prime factors of c.
5, 13
Let t(k) = -2*k**3 - 2*k**2 + k - 18. List the prime factors of t(-5).
3, 59
Let g(w) = -w**3 + 2*w**2 + w + 3. Let v be g(7). What are the prime factors of (-2)/3*(v + -35)?
